{"id":695,"date":"2018-03-02T17:00:22","date_gmt":"2018-03-02T17:00:22","guid":{"rendered":"https:\/\/turismo.trabada.gal\/\/engl\/?page_id=695"},"modified":"2018-09-21T10:33:45","modified_gmt":"2018-09-21T10:33:45","slug":"patrimonio-historico","status":"publish","type":"page","link":"https:\/\/turismo.trabada.gal\/esp\/patrimonio-historico\/","title":{"rendered":"Patrimonio Hist\u00f3rico"},"content":{"rendered":"<p style=\"text-align: justify;\">Trabada, la antigua \u201cTabulata\u201d, se menciona en el documento m\u00e1s antiguo existente en Espa\u00f1a y conservado en el Archivo de la Catedral de Le\u00f3n con fecha 23 de agosto del a\u00f1o 775. Este documento refleja como el Rey Silo hace<span class=\"Apple-converted-space\">\u00a0 <\/span>donaci\u00f3n de terrenos de dominio real, situados entre los r\u00edos Eo y Masma, para que se construya en ellos un lugar de oraci\u00f3n o monasterio.<\/p>\n<p><a href=\"https:\/\/turismo.trabada.gal\/esp\/wp-content\/uploads\/sites\/7\/2018\/04\/patrimonio-cultural-trabada1.jpg\"><img loading=\"lazy\" decoding=\"async\" class=\"alignnone size-full wp-image-1449\" src=\"https:\/\/turismo.trabada.gal\/esp\/wp-content\/uploads\/sites\/7\/2018\/04\/patrimonio-cultural-trabada1.jpg\" alt=\"\" width=\"1200\" height=\"400\" srcset=\"https:\/\/turismo.trabada.gal\/esp\/wp-content\/uploads\/sites\/7\/2018\/04\/patrimonio-cultural-trabada1.jpg 1200w, https:\/\/turismo.trabada.gal\/esp\/wp-content\/uploads\/sites\/7\/2018\/04\/patrimonio-cultural-trabada1-300x100.jpg 300w, https:\/\/turismo.trabada.gal\/esp\/wp-content\/uploads\/sites\/7\/2018\/04\/patrimonio-cultural-trabada1-768x256.jpg 768w, https:\/\/turismo.trabada.gal\/esp\/wp-content\/uploads\/sites\/7\/2018\/04\/patrimonio-cultural-trabada1-1024x341.jpg 1024w\" sizes=\"auto, (max-width: 1200px) 100vw, 1200px\" \/><\/a><\/p>\n<p>&nbsp;<\/p>\n<h6>Arqueolog\u00eda<\/h6>\n<p style=\"text-align: justify;\">Sus tierras ya estaban habitadas en la Edad de Hierro como dan fe las \u201cm\u00e1moas\u201d (d\u00f3lmenes funerarios) llamadas \u201cAs<span class=\"Apple-converted-space\">\u00a0 <\/span>Parallegas\u201d. Cabe destacar tambi\u00e9n un menhir conocido como \u00abMarco de la Pena Verde\u00bb, que marca el l\u00edmite de Trabada, Ribadeo y Barreiros.<\/p>\n<p style=\"text-align: justify;\">El paso de los siglos fue dejando huellas arqueol\u00f3gicas que dan testigo de un pasado que pregonamos. Entre ellas podemos destacar la presencia de \u201ccastros\u201d en lugares como Sante, Trabada y Vidal, \u201cm\u00e1moas\u201d como las situadas en Vidal (\u201cM\u00e1moa das Pallaregas\u201d) o Sante (\u201cM\u00e1moa de Vilarbetote\u201d) el yacimiento de \u201cA Cadeira\u201d, situado en Trabada o la \u201cPena Grabada de Vilaform\u00e1n\u201d. Adem\u00e1s, es importante destacar el menhir de \u201cO Marco da Pena Verde\u201d, que se sit\u00faa en F\u00f3rnea y representa el vestigio arqueol\u00f3gico m\u00e1s conocido de la zona.<\/p>\n<p><a href=\"https:\/\/turismo.trabada.gal\/esp\/wp-content\/uploads\/sites\/7\/2018\/04\/trabada-arte-igrexas.jpg\"><img loading=\"lazy\" decoding=\"async\" class=\"size-full wp-image-1447 aligncenter\" src=\"https:\/\/turismo.trabada.gal\/esp\/wp-content\/uploads\/sites\/7\/2018\/04\/trabada-arte-igrexas.jpg\" alt=\"\" width=\"1200\" height=\"400\" srcset=\"https:\/\/turismo.trabada.gal\/esp\/wp-content\/uploads\/sites\/7\/2018\/04\/trabada-arte-igrexas.jpg 1200w, https:\/\/turismo.trabada.gal\/esp\/wp-content\/uploads\/sites\/7\/2018\/04\/trabada-arte-igrexas-300x100.jpg 300w, https:\/\/turismo.trabada.gal\/esp\/wp-content\/uploads\/sites\/7\/2018\/04\/trabada-arte-igrexas-768x256.jpg 768w, https:\/\/turismo.trabada.gal\/esp\/wp-content\/uploads\/sites\/7\/2018\/04\/trabada-arte-igrexas-1024x341.jpg 1024w\" sizes=\"auto, (max-width: 1200px) 100vw, 1200px\" \/><\/a><\/p>\n<h6>Retablo barroco de la iglesia de<span class=\"Apple-converted-space\">\u00a0<\/span>Vilapena<\/h6>\n<h6>Arte, historia y etnograf\u00eda<\/h6>\n<p style=\"text-align: justify;\">El arte sagrado tiene una gran importancia en la zona. Trabada cuenta con una gran riqueza en imaginer\u00eda y retablos religiosos que podemos apreciar\/ver tanto en iglesias parroquiales y capillas, como en pazos y casas blasonadas repartidas por toda la parroquia. Algunos ejemplos son el Pazo de Terrafeita (Trabada), la casa de Rigoio (Sante) o la Ermita de San Marti\u00f1o.<\/p>\n<p>Es importante destacar algunas de las iglesias con m\u00e1s riqueza hist\u00f3rica en Trabada. Alguna de ellas son la iglesia de Sante, que es de las m\u00e1s antiguas del siglo XVI, y la Iglesia de Vilapena, que cuenta con un retablo barroco reci\u00e9n restaurado en su capilla mayor y otro retablo datado del siglo XVII en la nave izquierda.<\/p>\n<p>La Iglesia parroquial de Valboa, reformada en 1923, conserva dos retablos laterales del siglo XVII, y la de Vilaform\u00e1n otro m\u00e1s de 1735.<\/p>\n<p>Adem\u00e1s de los retablos, tambi\u00e9n merecen un lugar destacado las esculturas, como la que guarda la capilla de Vilafernando, una escultura p\u00e9trea de San Ant\u00f3n situada al lado del retablo mayor recientemente restaurado. La Iglesia de Trabada tambi\u00e9n cuenta con una imagen da la Inmaculada y la cruz parroquial, de gran riqueza escult\u00f3rica.<\/p>\n<p><a href=\"https:\/\/turismo.trabada.gal\/esp\/wp-content\/uploads\/sites\/7\/2018\/04\/museo-trabada.jpg\"><img loading=\"lazy\" decoding=\"async\" class=\"alignnone size-full wp-image-1445\" src=\"https:\/\/turismo.trabada.gal\/esp\/wp-content\/uploads\/sites\/7\/2018\/04\/museo-trabada.jpg\" alt=\"\" width=\"1200\" height=\"400\" srcset=\"https:\/\/turismo.trabada.gal\/esp\/wp-content\/uploads\/sites\/7\/2018\/04\/museo-trabada.jpg 1200w, https:\/\/turismo.trabada.gal\/esp\/wp-content\/uploads\/sites\/7\/2018\/04\/museo-trabada-300x100.jpg 300w, https:\/\/turismo.trabada.gal\/esp\/wp-content\/uploads\/sites\/7\/2018\/04\/museo-trabada-768x256.jpg 768w, https:\/\/turismo.trabada.gal\/esp\/wp-content\/uploads\/sites\/7\/2018\/04\/museo-trabada-1024x341.jpg 1024w\" sizes=\"auto, (max-width: 1200px) 100vw, 1200px\" \/><\/a><\/p>\n<h6 style=\"text-align: justify;\">Museo Casa Rocha<\/h6>\n<p style=\"text-align: justify;\">Trabada cuenta con un museo etnogr\u00e1fico, Museo Casa Rocha, donde nos adentraremos en un viaje al pasado viendo utensilios de todo tipo y de muchas d\u00e9cadas de antig\u00fcedad. Tambi\u00e9n cuenta con un taller de artesan\u00eda, Casa del Cura, donde la esencia del trabajo manual pasa a ser la principal protagonista de esta agradable visita.<\/p>\n<p><a href=\"https:\/\/turismo.trabada.gal\/esp\/wp-content\/uploads\/sites\/7\/2018\/04\/escudos-trabada.jpg\"><img loading=\"lazy\" decoding=\"async\" class=\"alignnone size-full wp-image-1443\" src=\"https:\/\/turismo.trabada.gal\/esp\/wp-content\/uploads\/sites\/7\/2018\/04\/escudos-trabada.jpg\" alt=\"\" width=\"1200\" height=\"400\" srcset=\"https:\/\/turismo.trabada.gal\/esp\/wp-content\/uploads\/sites\/7\/2018\/04\/escudos-trabada.jpg 1200w, https:\/\/turismo.trabada.gal\/esp\/wp-content\/uploads\/sites\/7\/2018\/04\/escudos-trabada-300x100.jpg 300w, https:\/\/turismo.trabada.gal\/esp\/wp-content\/uploads\/sites\/7\/2018\/04\/escudos-trabada-768x256.jpg 768w, https:\/\/turismo.trabada.gal\/esp\/wp-content\/uploads\/sites\/7\/2018\/04\/escudos-trabada-1024x341.jpg 1024w\" sizes=\"auto, (max-width: 1200px) 100vw, 1200px\" \/><\/a><\/p>\n<h6>Vestigios de la nobleza<\/h6>\n<p style=\"text-align: justify;\">Las fachadas de algunas casas a\u00fan lucen famosos escudos familiares renancentistas de los siglos<span class=\"Apple-converted-space\">\u00a0<\/span>XVI-XVII. S\u00edmbolos de familias nobles que tiempo atr\u00e1s vivieron en Trabada.<\/p>\n<p><!-- c434f9ec1f3cbd774bf6aacc9a847839 --><\/p>\n","protected":false},"excerpt":{"rendered":"<p>Trabada, la antigua \u201cTabulata\u201d, se menciona en el documento m\u00e1s antiguo existente en Espa\u00f1a y conservado en el Archivo de la Catedral de Le\u00f3n con fecha 23 de agosto del a\u00f1o 775. Este documento refleja como el Rey Silo hace\u00a0 donaci\u00f3n de terrenos de dominio real, situados entre los r\u00edos Eo y Masma, para que [&hellip;]<\/p>\n","protected":false},"author":1,"featured_media":0,"parent":0,"menu_order":9,"comment_status":"closed","ping_status":"closed","template":"","meta":{"footnotes":""},"class_list":["post-695","page","type-page","status-publish","hentry"],"_links":{"self":[{"href":"https:\/\/turismo.trabada.gal\/esp\/wp-json\/wp\/v2\/pages\/695","targetHints":{"allow":["GET"]}}],"collection":[{"href":"https:\/\/turismo.trabada.gal\/esp\/wp-json\/wp\/v2\/pages"}],"about":[{"href":"https:\/\/turismo.trabada.gal\/esp\/wp-json\/wp\/v2\/types\/page"}],"author":[{"embeddable":true,"href":"https:\/\/turismo.trabada.gal\/esp\/wp-json\/wp\/v2\/users\/1"}],"replies":[{"embeddable":true,"href":"https:\/\/turismo.trabada.gal\/esp\/wp-json\/wp\/v2\/comments?post=695"}],"version-history":[{"count":18,"href":"https:\/\/turismo.trabada.gal\/esp\/wp-json\/wp\/v2\/pages\/695\/revisions"}],"predecessor-version":[{"id":1665,"href":"https:\/\/turismo.trabada.gal\/esp\/wp-json\/wp\/v2\/pages\/695\/revisions\/1665"}],"wp:attachment":[{"href":"https:\/\/turismo.trabada.gal\/esp\/wp-json\/wp\/v2\/media?parent=695"}],"curies":[{"name":"wp","href":"https:\/\/api.w.org\/{rel}","templated":true}]}}

Patrimonio Histórico

<p style="text-align: justify;">Trabada, la antigua “Tabulata”, se menciona en el documento más antiguo existente en España y conservado en el Archivo de la Catedral de León con fecha 23 de agosto del año 775. Este documento refleja como el Rey Silo hace<span class="Apple-converted-space">  </span>donación de terrenos de dominio real, situados entre los ríos Eo y Masma, para que se construya en ellos un lugar de oración o monasterio.</p>
<p><a href="https://turismo.trabada.gal/esp/wp-content/uploads/sites/7/2018/04/patrimonio-cultural-trabada1.jpg"><img loading="lazy" decoding="async" class="alignnone size-full wp-image-1449" src="https://turismo.trabada.gal/esp/wp-content/uploads/sites/7/2018/04/patrimonio-cultural-trabada1.jpg" alt="" width="1200" height="400" srcset="https://turismo.trabada.gal/esp/wp-content/uploads/sites/7/2018/04/patrimonio-cultural-trabada1.jpg 1200w, https://turismo.trabada.gal/esp/wp-content/uploads/sites/7/2018/04/patrimonio-cultural-trabada1-300x100.jpg 300w, https://turismo.trabada.gal/esp/wp-content/uploads/sites/7/2018/04/patrimonio-cultural-trabada1-768x256.jpg 768w, https://turismo.trabada.gal/esp/wp-content/uploads/sites/7/2018/04/patrimonio-cultural-trabada1-1024x341.jpg 1024w" sizes="auto, (max-width: 1200px) 100vw, 1200px" /></a></p>
<p>&nbsp;</p>
<h6>Arqueología</h6>
<p style="text-align: justify;">Sus tierras ya estaban habitadas en la Edad de Hierro como dan fe las “mámoas” (dólmenes funerarios) llamadas “As<span class="Apple-converted-space">  </span>Parallegas”. Cabe destacar también un menhir conocido como «Marco de la Pena Verde», que marca el límite de Trabada, Ribadeo y Barreiros.</p>
<p style="text-align: justify;">El paso de los siglos fue dejando huellas arqueológicas que dan testigo de un pasado que pregonamos. Entre ellas podemos destacar la presencia de “castros” en lugares como Sante, Trabada y Vidal, “mámoas” como las situadas en Vidal (“Mámoa das Pallaregas”) o Sante (“Mámoa de Vilarbetote”) el yacimiento de “A Cadeira”, situado en Trabada o la “Pena Grabada de Vilaformán”. Además, es importante destacar el menhir de “O Marco da Pena Verde”, que se sitúa en Fórnea y representa el vestigio arqueológico más conocido de la zona.</p>
<p><a href="https://turismo.trabada.gal/esp/wp-content/uploads/sites/7/2018/04/trabada-arte-igrexas.jpg"><img loading="lazy" decoding="async" class="size-full wp-image-1447 aligncenter" src="https://turismo.trabada.gal/esp/wp-content/uploads/sites/7/2018/04/trabada-arte-igrexas.jpg" alt="" width="1200" height="400" srcset="https://turismo.trabada.gal/esp/wp-content/uploads/sites/7/2018/04/trabada-arte-igrexas.jpg 1200w, https://turismo.trabada.gal/esp/wp-content/uploads/sites/7/2018/04/trabada-arte-igrexas-300x100.jpg 300w, https://turismo.trabada.gal/esp/wp-content/uploads/sites/7/2018/04/trabada-arte-igrexas-768x256.jpg 768w, https://turismo.trabada.gal/esp/wp-content/uploads/sites/7/2018/04/trabada-arte-igrexas-1024x341.jpg 1024w" sizes="auto, (max-width: 1200px) 100vw, 1200px" /></a></p>
<h6>Retablo barroco de la iglesia de<span class="Apple-converted-space"> </span>Vilapena</h6>
<h6>Arte, historia y etnografía</h6>
<p style="text-align: justify;">El arte sagrado tiene una gran importancia en la zona. Trabada cuenta con una gran riqueza en imaginería y retablos religiosos que podemos apreciar/ver tanto en iglesias parroquiales y capillas, como en pazos y casas blasonadas repartidas por toda la parroquia. Algunos ejemplos son el Pazo de Terrafeita (Trabada), la casa de Rigoio (Sante) o la Ermita de San Martiño.</p>
<p>Es importante destacar algunas de las iglesias con más riqueza histórica en Trabada. Alguna de ellas son la iglesia de Sante, que es de las más antiguas del siglo XVI, y la Iglesia de Vilapena, que cuenta con un retablo barroco recién restaurado en su capilla mayor y otro retablo datado del siglo XVII en la nave izquierda.</p>
<p>La Iglesia parroquial de Valboa, reformada en 1923, conserva dos retablos laterales del siglo XVII, y la de Vilaformán otro más de 1735.</p>
<p>Además de los retablos, también merecen un lugar destacado las esculturas, como la que guarda la capilla de Vilafernando, una escultura pétrea de San Antón situada al lado del retablo mayor recientemente restaurado. La Iglesia de Trabada también cuenta con una imagen da la Inmaculada y la cruz parroquial, de gran riqueza escultórica.</p>
<p><a href="https://turismo.trabada.gal/esp/wp-content/uploads/sites/7/2018/04/museo-trabada.jpg"><img loading="lazy" decoding="async" class="alignnone size-full wp-image-1445" src="https://turismo.trabada.gal/esp/wp-content/uploads/sites/7/2018/04/museo-trabada.jpg" alt="" width="1200" height="400" srcset="https://turismo.trabada.gal/esp/wp-content/uploads/sites/7/2018/04/museo-trabada.jpg 1200w, https://turismo.trabada.gal/esp/wp-content/uploads/sites/7/2018/04/museo-trabada-300x100.jpg 300w, https://turismo.trabada.gal/esp/wp-content/uploads/sites/7/2018/04/museo-trabada-768x256.jpg 768w, https://turismo.trabada.gal/esp/wp-content/uploads/sites/7/2018/04/museo-trabada-1024x341.jpg 1024w" sizes="auto, (max-width: 1200px) 100vw, 1200px" /></a></p>
<h6 style="text-align: justify;">Museo Casa Rocha</h6>
<p style="text-align: justify;">Trabada cuenta con un museo etnográfico, Museo Casa Rocha, donde nos adentraremos en un viaje al pasado viendo utensilios de todo tipo y de muchas décadas de antigüedad. También cuenta con un taller de artesanía, Casa del Cura, donde la esencia del trabajo manual pasa a ser la principal protagonista de esta agradable visita.</p>
<p><a href="https://turismo.trabada.gal/esp/wp-content/uploads/sites/7/2018/04/escudos-trabada.jpg"><img loading="lazy" decoding="async" class="alignnone size-full wp-image-1443" src="https://turismo.trabada.gal/esp/wp-content/uploads/sites/7/2018/04/escudos-trabada.jpg" alt="" width="1200" height="400" srcset="https://turismo.trabada.gal/esp/wp-content/uploads/sites/7/2018/04/escudos-trabada.jpg 1200w, https://turismo.trabada.gal/esp/wp-content/uploads/sites/7/2018/04/escudos-trabada-300x100.jpg 300w, https://turismo.trabada.gal/esp/wp-content/uploads/sites/7/2018/04/escudos-trabada-768x256.jpg 768w, https://turismo.trabada.gal/esp/wp-content/uploads/sites/7/2018/04/escudos-trabada-1024x341.jpg 1024w" sizes="auto, (max-width: 1200px) 100vw, 1200px" /></a></p>
<h6>Vestigios de la nobleza</h6>
<p style="text-align: justify;">Las fachadas de algunas casas aún lucen famosos escudos familiares renancentistas de los siglos<span class="Apple-converted-space"> </span>XVI-XVII. Símbolos de familias nobles que tiempo atrás vivieron en Trabada.</p>
<p><!-- c434f9ec1f3cbd774bf6aacc9a847839 --></p>

<p>Trabada, la antigua “Tabulata”, se menciona en el documento más antiguo existente en España y conservado en el Archivo de la Catedral de León con fecha 23 de agosto del año 775. Este documento refleja como el Rey Silo hace  donación de terrenos de dominio real, situados entre los ríos Eo y Masma, para que [&hellip;]</p>
