{"id":733,"date":"2018-03-02T17:20:51","date_gmt":"2018-03-02T17:20:51","guid":{"rendered":"https:\/\/turismo.trabada.gal\/\/engl\/?page_id=733"},"modified":"2018-09-21T10:42:26","modified_gmt":"2018-09-21T10:42:26","slug":"patrimonio-natural","status":"publish","type":"page","link":"https:\/\/turismo.trabada.gal\/esp\/patrimonio-natural\/","title":{"rendered":"Patrimonio Natural"},"content":{"rendered":"<h6 style=\"text-align: justify;\"><a href=\"https:\/\/turismo.trabada.gal\/esp\/wp-content\/uploads\/sites\/7\/2018\/04\/vistas-fragas-trabada.jpg\"><img loading=\"lazy\" decoding=\"async\" class=\"alignnone size-full wp-image-1455\" src=\"https:\/\/turismo.trabada.gal\/esp\/wp-content\/uploads\/sites\/7\/2018\/04\/vistas-fragas-trabada.jpg\" alt=\"\" width=\"1200\" height=\"400\" srcset=\"https:\/\/turismo.trabada.gal\/esp\/wp-content\/uploads\/sites\/7\/2018\/04\/vistas-fragas-trabada.jpg 1200w, https:\/\/turismo.trabada.gal\/esp\/wp-content\/uploads\/sites\/7\/2018\/04\/vistas-fragas-trabada-300x100.jpg 300w, https:\/\/turismo.trabada.gal\/esp\/wp-content\/uploads\/sites\/7\/2018\/04\/vistas-fragas-trabada-768x256.jpg 768w, https:\/\/turismo.trabada.gal\/esp\/wp-content\/uploads\/sites\/7\/2018\/04\/vistas-fragas-trabada-1024x341.jpg 1024w\" sizes=\"auto, (max-width: 1200px) 100vw, 1200px\" \/><\/a><\/h6>\n<h6>Bosques aut\u00f3ctonos.<\/h6>\n<p style=\"text-align: justify;\">Trabada cuenta con m\u00e1s de 350 hect\u00e1reas de bosques aut\u00f3ctonos conformados por las\u00a0\u201cFraga da Becerreira\u201d, \u201cFraga da Vilapena\u201d \u201cFraga da Cabanela\u201d y \u201c Fraga da Belosi\u00f1a\u201d.<\/p>\n<p style=\"text-align: justify;\">Un territorio \u00fanico, que espera silencioso que el visitante se acerque y disfrute de nuestras m\u00faltiples riquezas y experiencias, donde se impregnar\u00e1 del para\u00edso en estado puro. La riqueza de este pueblo, Trabada, se puede ver, escuchar, o\u00edr, oler, tocar y saborear. Un placer para los sentidos.<\/p>\n<p style=\"text-align: justify;\">Afina los sentidos, porque en Trabada la naturaleza se muestra en su m\u00e1xima expresi\u00f3n.<\/p>\n<p><a href=\"https:\/\/turismo.trabada.gal\/esp\/wp-content\/uploads\/sites\/7\/2018\/04\/fragas-trabada.jpg\"><img loading=\"lazy\" decoding=\"async\" class=\"alignnone size-full wp-image-1453\" src=\"https:\/\/turismo.trabada.gal\/esp\/wp-content\/uploads\/sites\/7\/2018\/04\/fragas-trabada.jpg\" alt=\"\" width=\"1200\" height=\"400\" srcset=\"https:\/\/turismo.trabada.gal\/esp\/wp-content\/uploads\/sites\/7\/2018\/04\/fragas-trabada.jpg 1200w, https:\/\/turismo.trabada.gal\/esp\/wp-content\/uploads\/sites\/7\/2018\/04\/fragas-trabada-300x100.jpg 300w, https:\/\/turismo.trabada.gal\/esp\/wp-content\/uploads\/sites\/7\/2018\/04\/fragas-trabada-768x256.jpg 768w, https:\/\/turismo.trabada.gal\/esp\/wp-content\/uploads\/sites\/7\/2018\/04\/fragas-trabada-1024x341.jpg 1024w\" sizes=\"auto, (max-width: 1200px) 100vw, 1200px\" \/><\/a><\/p>\n<p style=\"text-align: justify;\">Contamos tambi\u00e9n con numerosas rutas de senderismo por bosques de singular belleza natural.<\/p>\n<p style=\"text-align: justify;\">Los bosques de Trabada cuentan con abundantes zonas frondosas donde nos podemos encontrar a diversas especies vegetales como robles, acebos, casta\u00f1os, avellanos o madro\u00f1os. Bajo ellos se extiende un enorme tapiz de l\u00edquenes, musgos y hep\u00e1ticas, que conforman el h\u00e1bitat perfecto de numerosas especies animales. Jabal\u00edes, ciervos, martas, bustardos ratoneros, mochuelos, mart\u00ednes pescadores, salamandras gallegas, sapos o caracoles de Quimper son algunos ejemplos de la fauna que te puedes encontrar en este h\u00e1bitat tan tranquilo y natural.<\/p>\n<p style=\"text-align: justify;\">Todas las rutas discurren por esta vegetaci\u00f3n aut\u00f3ctona y naturalmente cuidada, donde las especies que m\u00e1s abundan son los robles y casta\u00f1os. Adem\u00e1s, debido al clima principalmente h\u00famedo de la zona, en las rutas encontrar\u00e1s arroyos y fuentes naturales donde habitan diferentes especies de anfibios.<\/p>\n<h6 style=\"text-align: justify;\">V\u00eda Verde<\/h6>\n<p style=\"text-align: justify;\">Trabada cuenta con una v\u00eda sobre el antiguo trazado del ferrocarril minero que<span class=\"Apple-converted-space\">\u00a0 <\/span>transcurre por los Ayuntamientos de A Pontenova, Trabada, San Tirso de Abres y Ribadeo. Esta ruta discurre muy pr\u00f3ximo al r\u00edo Eo, por medio de bosques de ribera y atraviesa seis t\u00faneles.<\/p>\n<p style=\"text-align: justify;\">Actualmente se encuentran habilitados para ser recorridos unos 12km, la mitad de estos por territorio gallego y la otra mitad por tierras asturianas. Se trata de una ruta de suelo liso, amplia y tranquila apta para hacer en familia, ya sea caminando o en bicicleta. En ella atravesaremos antiguos t\u00faneles del ferrocarril, cruzaremos un puente colgante, pasaremos por apeaderos de la v\u00eda y la antigua central el\u00e9ctrica de \u201cO Lauredal\u201d, en la que se pueden ver las instalaciones que generaban electricidad.<\/p>\n<h6 style=\"text-align: justify;\">Reserva de la Biosfera R\u00edo Eo, Oscos e Terras de Bur\u00f3n<\/h6>\n<p style=\"text-align: justify;\">La Reserva de la<span class=\"Apple-converted-space\">\u00a0 <\/span>Biosfera R\u00edo Eo, Oscos y Terras de Bur\u00f3n es la primera reserva impulsada de forma conjunta por dos comunidades aut\u00f3nomas y que afecta a ayuntamientos asturianos y gallegos, entre los que se encuentra Trabada.<\/p>\n<p style=\"text-align: justify;\">Fue declarada el 19 de septiembre del 2007 por la Organizaci\u00f3n de las Naciones Unidas para la Educaci\u00f3n, la Ciencia y la Cultura (UNESCO) dentro del programa<span class=\"Apple-converted-space\">\u00a0 <\/span>MaB (Home y Biosfera).<\/p>\n<p style=\"text-align: justify;\">Una visita donde el protagonista es el entorno que te rodea, que sin duda te sorprender\u00e1 gratamente por la belleza de sus paisajes.<\/p>\n<p style=\"text-align: justify;\"><img decoding=\"async\" src=\"\/\/https:\/\/turismo.trabada.gal\/\/engl\/wp-content\/uploads\/sites\/7\/2018\/03\/aves-trabada.jpg\" alt=\"\/\/https:\/\/turismo.trabada.gal\/\/engl\/wp-content\/uploads\/sites\/7\/2018\/03\/aves-trabada.jpg\" \/><\/p>\n<h6 style=\"text-align: justify;\">Birding<\/h6>\n<p style=\"text-align: justify;\">Asomarse a la R\u00eda de Abres te permitir\u00e1 conocer el \u00faltimo tramo del estuario del r\u00edo Eo, una zona predominantemente fluvial pero a\u00fan con cierta influencia marina.<\/p>\n<p style=\"text-align: justify;\">Destaca una peque\u00f1a isla, habitada por chopos y carrizos, justo en medio del estuario. En la zona hay varios puntos de observaci\u00f3n de aves y pasarelas que recurren el entorno, habitada principalmente por especies arb\u00f3reas como abedules, casta\u00f1os,\u00a0robles,\u00a0nogales y pinos, que bordean los extensos y protegidos ca\u00f1averales y juncales de la zona. En ella podr\u00e1s observar an\u00e1tidas como la<span class=\"Apple-converted-space\">\u00a0<\/span>cerceta com\u00fan o el \u00e1nade azul\u00f3n, lim\u00edcolas, como el andarr\u00edos o el<span class=\"Apple-converted-space\">\u00a0<\/span>corremu\u00ed\u00f1os, y pelecaniformes como el cormor\u00e1n.<\/p>\n<p><!-- 3718b8de868a60da8ba095f419beb6cf --><\/p>\n","protected":false},"excerpt":{"rendered":"<p>Bosques aut\u00f3ctonos. Trabada cuenta con m\u00e1s de 350 hect\u00e1reas de bosques aut\u00f3ctonos conformados por las\u00a0\u201cFraga da Becerreira\u201d, \u201cFraga da Vilapena\u201d \u201cFraga da Cabanela\u201d y \u201c Fraga da Belosi\u00f1a\u201d. Un territorio \u00fanico, que espera silencioso que el visitante se acerque y disfrute de nuestras m\u00faltiples riquezas y experiencias, donde se impregnar\u00e1 del para\u00edso en estado puro. [&hellip;]<\/p>\n","protected":false},"author":1,"featured_media":0,"parent":0,"menu_order":10,"comment_status":"closed","ping_status":"closed","template":"","meta":{"footnotes":""},"class_list":["post-733","page","type-page","status-publish","hentry"],"_links":{"self":[{"href":"https:\/\/turismo.trabada.gal\/esp\/wp-json\/wp\/v2\/pages\/733","targetHints":{"allow":["GET"]}}],"collection":[{"href":"https:\/\/turismo.trabada.gal\/esp\/wp-json\/wp\/v2\/pages"}],"about":[{"href":"https:\/\/turismo.trabada.gal\/esp\/wp-json\/wp\/v2\/types\/page"}],"author":[{"embeddable":true,"href":"https:\/\/turismo.trabada.gal\/esp\/wp-json\/wp\/v2\/users\/1"}],"replies":[{"embeddable":true,"href":"https:\/\/turismo.trabada.gal\/esp\/wp-json\/wp\/v2\/comments?post=733"}],"version-history":[{"count":17,"href":"https:\/\/turismo.trabada.gal\/esp\/wp-json\/wp\/v2\/pages\/733\/revisions"}],"predecessor-version":[{"id":1671,"href":"https:\/\/turismo.trabada.gal\/esp\/wp-json\/wp\/v2\/pages\/733\/revisions\/1671"}],"wp:attachment":[{"href":"https:\/\/turismo.trabada.gal\/esp\/wp-json\/wp\/v2\/media?parent=733"}],"curies":[{"name":"wp","href":"https:\/\/api.w.org\/{rel}","templated":true}]}}

<h6 style="text-align: justify;"><a href="https://turismo.trabada.gal/esp/wp-content/uploads/sites/7/2018/04/vistas-fragas-trabada.jpg"><img loading="lazy" decoding="async" class="alignnone size-full wp-image-1455" src="https://turismo.trabada.gal/esp/wp-content/uploads/sites/7/2018/04/vistas-fragas-trabada.jpg" alt="" width="1200" height="400" srcset="https://turismo.trabada.gal/esp/wp-content/uploads/sites/7/2018/04/vistas-fragas-trabada.jpg 1200w, https://turismo.trabada.gal/esp/wp-content/uploads/sites/7/2018/04/vistas-fragas-trabada-300x100.jpg 300w, https://turismo.trabada.gal/esp/wp-content/uploads/sites/7/2018/04/vistas-fragas-trabada-768x256.jpg 768w, https://turismo.trabada.gal/esp/wp-content/uploads/sites/7/2018/04/vistas-fragas-trabada-1024x341.jpg 1024w" sizes="auto, (max-width: 1200px) 100vw, 1200px" /></a></h6>
<h6>Bosques autóctonos.</h6>
<p style="text-align: justify;">Trabada cuenta con más de 350 hectáreas de bosques autóctonos conformados por las “Fraga da Becerreira”, “Fraga da Vilapena” “Fraga da Cabanela” y “ Fraga da Belosiña”.</p>
<p style="text-align: justify;">Un territorio único, que espera silencioso que el visitante se acerque y disfrute de nuestras múltiples riquezas y experiencias, donde se impregnará del paraíso en estado puro. La riqueza de este pueblo, Trabada, se puede ver, escuchar, oír, oler, tocar y saborear. Un placer para los sentidos.</p>
<p style="text-align: justify;">Afina los sentidos, porque en Trabada la naturaleza se muestra en su máxima expresión.</p>
<p><a href="https://turismo.trabada.gal/esp/wp-content/uploads/sites/7/2018/04/fragas-trabada.jpg"><img loading="lazy" decoding="async" class="alignnone size-full wp-image-1453" src="https://turismo.trabada.gal/esp/wp-content/uploads/sites/7/2018/04/fragas-trabada.jpg" alt="" width="1200" height="400" srcset="https://turismo.trabada.gal/esp/wp-content/uploads/sites/7/2018/04/fragas-trabada.jpg 1200w, https://turismo.trabada.gal/esp/wp-content/uploads/sites/7/2018/04/fragas-trabada-300x100.jpg 300w, https://turismo.trabada.gal/esp/wp-content/uploads/sites/7/2018/04/fragas-trabada-768x256.jpg 768w, https://turismo.trabada.gal/esp/wp-content/uploads/sites/7/2018/04/fragas-trabada-1024x341.jpg 1024w" sizes="auto, (max-width: 1200px) 100vw, 1200px" /></a></p>
<p style="text-align: justify;">Contamos también con numerosas rutas de senderismo por bosques de singular belleza natural.</p>
<p style="text-align: justify;">Los bosques de Trabada cuentan con abundantes zonas frondosas donde nos podemos encontrar a diversas especies vegetales como robles, acebos, castaños, avellanos o madroños. Bajo ellos se extiende un enorme tapiz de líquenes, musgos y hepáticas, que conforman el hábitat perfecto de numerosas especies animales. Jabalíes, ciervos, martas, bustardos ratoneros, mochuelos, martínes pescadores, salamandras gallegas, sapos o caracoles de Quimper son algunos ejemplos de la fauna que te puedes encontrar en este hábitat tan tranquilo y natural.</p>
<p style="text-align: justify;">Todas las rutas discurren por esta vegetación autóctona y naturalmente cuidada, donde las especies que más abundan son los robles y castaños. Además, debido al clima principalmente húmedo de la zona, en las rutas encontrarás arroyos y fuentes naturales donde habitan diferentes especies de anfibios.</p>
<h6 style="text-align: justify;">Vía Verde</h6>
<p style="text-align: justify;">Trabada cuenta con una vía sobre el antiguo trazado del ferrocarril minero que<span class="Apple-converted-space">  </span>transcurre por los Ayuntamientos de A Pontenova, Trabada, San Tirso de Abres y Ribadeo. Esta ruta discurre muy próximo al río Eo, por medio de bosques de ribera y atraviesa seis túneles.</p>
<p style="text-align: justify;">Actualmente se encuentran habilitados para ser recorridos unos 12km, la mitad de estos por territorio gallego y la otra mitad por tierras asturianas. Se trata de una ruta de suelo liso, amplia y tranquila apta para hacer en familia, ya sea caminando o en bicicleta. En ella atravesaremos antiguos túneles del ferrocarril, cruzaremos un puente colgante, pasaremos por apeaderos de la vía y la antigua central eléctrica de “O Lauredal”, en la que se pueden ver las instalaciones que generaban electricidad.</p>
<h6 style="text-align: justify;">Reserva de la Biosfera Río Eo, Oscos e Terras de Burón</h6>
<p style="text-align: justify;">La Reserva de la<span class="Apple-converted-space">  </span>Biosfera Río Eo, Oscos y Terras de Burón es la primera reserva impulsada de forma conjunta por dos comunidades autónomas y que afecta a ayuntamientos asturianos y gallegos, entre los que se encuentra Trabada.</p>
<p style="text-align: justify;">Fue declarada el 19 de septiembre del 2007 por la Organización de las Naciones Unidas para la Educación, la Ciencia y la Cultura (UNESCO) dentro del programa<span class="Apple-converted-space">  </span>MaB (Home y Biosfera).</p>
<p style="text-align: justify;">Una visita donde el protagonista es el entorno que te rodea, que sin duda te sorprenderá gratamente por la belleza de sus paisajes.</p>
<p style="text-align: justify;"><img decoding="async" src="//https://turismo.trabada.gal//engl/wp-content/uploads/sites/7/2018/03/aves-trabada.jpg" alt="//https://turismo.trabada.gal//engl/wp-content/uploads/sites/7/2018/03/aves-trabada.jpg" /></p>
<h6 style="text-align: justify;">Birding</h6>
<p style="text-align: justify;">Asomarse a la Ría de Abres te permitirá conocer el último tramo del estuario del río Eo, una zona predominantemente fluvial pero aún con cierta influencia marina.</p>
<p style="text-align: justify;">Destaca una pequeña isla, habitada por chopos y carrizos, justo en medio del estuario. En la zona hay varios puntos de observación de aves y pasarelas que recurren el entorno, habitada principalmente por especies arbóreas como abedules, castaños, robles, nogales y pinos, que bordean los extensos y protegidos cañaverales y juncales de la zona. En ella podrás observar anátidas como la<span class="Apple-converted-space"> </span>cerceta común o el ánade azulón, limícolas, como el andarríos o el<span class="Apple-converted-space"> </span>corremuíños, y pelecaniformes como el cormorán.</p>
<p><!-- 3718b8de868a60da8ba095f419beb6cf --></p>

<p>Bosques autóctonos. Trabada cuenta con más de 350 hectáreas de bosques autóctonos conformados por las “Fraga da Becerreira”, “Fraga da Vilapena” “Fraga da Cabanela” y “ Fraga da Belosiña”. Un territorio único, que espera silencioso que el visitante se acerque y disfrute de nuestras múltiples riquezas y experiencias, donde se impregnará del paraíso en estado puro. [&hellip;]</p>
