{"id":803,"date":"2018-03-05T11:59:54","date_gmt":"2018-03-05T11:59:54","guid":{"rendered":"https:\/\/turismo.trabada.gal\/\/engl\/?page_id=803"},"modified":"2018-09-21T11:25:57","modified_gmt":"2018-09-21T11:25:57","slug":"gastronomia","status":"publish","type":"page","link":"https:\/\/turismo.trabada.gal\/esp\/gastronomia\/","title":{"rendered":"Gastronom\u00eda"},"content":{"rendered":"<div id=\"\" class=\"fw-main-row \"  style=\"\">\r\n\t<div class=\"container-fluid\">\r\n\t\t\r\n<div class=\"fw-row\">\r\n\t<div class=\"fw-col-xs-12 grid-column\"  style=\"\">\r\n\t<h5 style=\"text-align: justify;\"><strong>Gastronom\u00eda: la enfari\u00f1ada, la trucha y el salm\u00f3n.<\/strong><\/h5><p style=\"text-align: justify;\">La enfari\u00f1ada, la trucha y el salm\u00f3n son probablemente tres de los platos m\u00e1s caracter\u00edsticos de nuestro municipio; y los que ning\u00fan visitante deber\u00eda dejar de probar.<\/p><h5 style=\"text-align: justify;\"><strong>La enfari\u00f1ada<\/strong><\/h5><\/div>\r\n<\/div>\r\n\r\n\r\n<div class=\"fw-row\">\r\n\t<div class=\"fw-col-xs-12 grid-column\"  style=\"\">\r\n\t<img decoding=\"async\" src=\"\/\/https:\/\/turismo.trabada.gal\/\/engl\/wp-content\/uploads\/2018\/03\/enfarinada-trabada.jpg\" alt=\"\/\/https:\/\/turismo.trabada.gal\/\/engl\/wp-content\/uploads\/2018\/03\/enfarinada-trabada.jpg\" \/><\/div>\r\n<\/div>\r\n\r\n\r\n<div class=\"fw-row\">\r\n\t<div class=\"fw-col-xs-12 grid-column\"  style=\"\">\r\n\t<p style=\"text-align: justify;\">En Trabada podr\u00e1s degustar platos t\u00edpicos, como la enfari\u00f1ada, un plato hecho a fuego lento, compuesto de harina de trigo cultivada en esta tierras, huevos caseros, agua, aceite y mucho cari\u00f1o.<\/p><p style=\"text-align: justify;\">Este plato consta de dos variedades: dulce y salado. Puede ir acompa\u00f1ado con diferentes ingredientes.<\/p><p style=\"text-align: justify;\">Pero el verdadero ingrediente secreto es el buen hacer de nuestra gente y la calidad de los productos.<\/p><p style=\"text-align: justify;\">Una exquisitez que no deber\u00edas dejar de saborear.<\/p><h5 style=\"text-align: justify;\">La trucha y el salm\u00f3n<\/h5><\/div>\r\n<\/div>\r\n\r\n\r\n<div class=\"fw-row\">\r\n\t<div class=\"fw-col-xs-12 grid-column\"  style=\"\">\r\n\t<img decoding=\"async\" src=\"\/\/https:\/\/turismo.trabada.gal\/\/engl\/wp-content\/uploads\/2018\/03\/troita-trabada.jpg\" alt=\"\/\/https:\/\/turismo.trabada.gal\/\/engl\/wp-content\/uploads\/2018\/03\/troita-trabada.jpg\" \/><\/div>\r\n<\/div>\r\n\r\n\r\n<div class=\"fw-row\">\r\n\t<div class=\"fw-col-xs-12 grid-column\"  style=\"\">\r\n\t<p style=\"text-align: justify;\">El salm\u00f3n y la trucha son, sin duda, unos de los pescados m\u00e1s preciados y, si son de Trabada, la calidad es \u00fanica. Las formas de prepararlos pueden ser muy diversas, desde las m\u00e1s tradicionales a las m\u00e1s innovadoras, pero lo principal es la materia prima.<\/p><p style=\"text-align: justify;\">Los platos de gastronom\u00eda tradicional gallega tambi\u00e9n est\u00e1n muy presentes en nuestra oferta gastron\u00f3mica.<\/p><\/div>\r\n<\/div>\r\n\r\n\r\n<div class=\"fw-row\">\r\n\t<div class=\"fw-col-xs-12 grid-column\"  style=\"\">\r\n\t<img decoding=\"async\" src=\"\/\/https:\/\/turismo.trabada.gal\/\/engl\/wp-content\/uploads\/2018\/03\/cocido-trabada-2.jpg\" alt=\"\/\/https:\/\/turismo.trabada.gal\/\/engl\/wp-content\/uploads\/2018\/03\/cocido-trabada-2.jpg\" \/><\/div>\r\n<\/div>\r\n\r\n\r\n<div class=\"fw-row\">\r\n\t<div class=\"fw-col-xs-12 grid-column\"  style=\"\">\r\n\t<p><a href=\"http:\/\/https:\/\/turismo.trabada.gal\/\/esp\/donde-comer\/\">D\u00f3nde Comer.<\/a><\/p><\/div>\r\n<\/div>\r\n\r\n\t<\/div>\r\n<\/div>\r\n\n","protected":false},"excerpt":{"rendered":"<p>Gastronom\u00eda: la enfari\u00f1ada, la trucha y el salm\u00f3n.La enfari\u00f1ada, la trucha y el salm\u00f3n son probablemente tres de los platos m\u00e1s caracter\u00edsticos de nuestro municipio; y los que ning\u00fan visitante deber\u00eda dejar de probar.La enfari\u00f1ada En Trabada podr\u00e1s degustar platos t\u00edpicos, como la enfari\u00f1ada, un plato hecho a fuego lento, compuesto de harina de trigo [&hellip;]<\/p>\n","protected":false},"author":1,"featured_media":0,"parent":0,"menu_order":6,"comment_status":"closed","ping_status":"closed","template":"","meta":{"footnotes":""},"class_list":["post-803","page","type-page","status-publish","hentry"],"_links":{"self":[{"href":"https:\/\/turismo.trabada.gal\/esp\/wp-json\/wp\/v2\/pages\/803","targetHints":{"allow":["GET"]}}],"collection":[{"href":"https:\/\/turismo.trabada.gal\/esp\/wp-json\/wp\/v2\/pages"}],"about":[{"href":"https:\/\/turismo.trabada.gal\/esp\/wp-json\/wp\/v2\/types\/page"}],"author":[{"embeddable":true,"href":"https:\/\/turismo.trabada.gal\/esp\/wp-json\/wp\/v2\/users\/1"}],"replies":[{"embeddable":true,"href":"https:\/\/turismo.trabada.gal\/esp\/wp-json\/wp\/v2\/comments?post=803"}],"version-history":[{"count":9,"href":"https:\/\/turismo.trabada.gal\/esp\/wp-json\/wp\/v2\/pages\/803\/revisions"}],"predecessor-version":[{"id":1689,"href":"https:\/\/turismo.trabada.gal\/esp\/wp-json\/wp\/v2\/pages\/803\/revisions\/1689"}],"wp:attachment":[{"href":"https:\/\/turismo.trabada.gal\/esp\/wp-json\/wp\/v2\/media?parent=803"}],"curies":[{"name":"wp","href":"https:\/\/api.w.org\/{rel}","templated":true}]}}